= -6*l**2 - 54*l - 36. Calculate g(-12).
-252
Let f(v) = -2*v**3 + 38*v**2 + 93*v - 73. What is f(21)?
116
Let b(t) = -7*t**3 + 910*t**2 + 16*t - 2223. What is b(130)?
-143
Let m(q) = 2*q**2 - 3285*q + 103078. Calculate m(32).
6
Let k(y) = -15*y**2 - 2972*y - 25545. Give k(-9).
-12
Let p(v) = 4951*v + 366441. What is p(-74)?
67
Let v(l) = 47*l**2 + 12564*l + 25128. Calculate v(-2).
188
Let y(d) = -78*d + 3360. Give y(41).
162
Let l(o) = 182*o - 3326. What is l(2)?
-2962
Let k(o) = -o**3 - 22*o**2 + 688*o + 12538. What is k(-16)?
-6
Let c(t) = -t**3 - 100*t**2 + 172*t - 3224. Give c(-102).
40
Let s(w) = -435*w**2 + 2727*w - 769. What is s(6)?
-67
Let m(x) = x**2 - 16549*x - 1296900. Determine m(-78).
6
Let u(f) = 4*f**2 + 147*f - 1238. What is u(7)?
-13
Let o(t) = -t**3 + 311*t**2 - 4442*t + 537. Determine o(296).
-55
Let g(d) = -2*d**2 - 699*d - 82. What is g(0)?
-82
Let v(r) = 53357*r - 320177. What is v(6)?
-35
Let r(q) = -6*q**2 - 145*q + 286. Determine r(-27).
-173
Let n(s) = s**3 - 329*s**2 - 9606*s - 2130. Calculate n(356).
6
Let s(d) = 327*d**2 - 421*d + 57. Determine s(3).
1737
Let r(f) = 69*f**2 + 116061*f + 121024. Determine r(-1681).
-8
Let z(m) = 14228*m - 5691205. Calculate z(400).
-5
Let j(w) = w**2 + 348*w + 14876. Calculate j(-52).
-516
Let z(c) = -160289*c + 1122012. Determine z(7).
-11
Let c(z) = z**3 + 25*z**2 + 31*z + 5367. What is c(-30)?
-63
Let o(i) = -2*i**2 + 6*i + 442. What is o(-14)?
-34
Let x(n) = -6*n**2 + 50963*n + 254935. Calculate x(-5).
-30
Let i(u) = 271*u**2 - 619*u + 616. Give i(1).
268
Let x(a) = 4*a**3 + 32*a**2 - 33*a - 194. Give x(-6).
292
Let v(o) = -o**3 + 23*o**2 + 166*o - 132. Give v(-6).
-84
Let s(r) = -r**2 - 52343*r - 418673. What is s(-8)?
7
Let a(g) = 3*g**2 - 173*g - 6374. What is a(84)?
262
Let w(k) = 166*k - 1600. Determine w(10).
60
Let g(d) = -5*d**2 + 1262*d + 2460. Determine g(255).
-855
Let x(u) = -131113*u + 786694. Determine x(6).
16
Let s(r) = 4*r**2 + 500*r + 1991. Determine s(-121).
55
Let d(v) = 38795*v - 1551815. What is d(40)?
-15
Let q(h) = -h**3 + 22*h**2 - 13903*h + 263114. What is q(19)?
40
Let k(g) = 13117*g + 170493. What is k(-13)?
-28
Let f(a) = 15*a**3 - 423*a**2 - 352*a + 127. Calculate f(29).
11
Let i(f) = -f**3 + 28*f**2 + 19920*f - 480456. Calculate i(24).
-72
Let b(r) = 137*r**2 - 1085*r + 42. Calculate b(6).
-1536
Let p(s) = 20*s**3 + 32*s**2 + 72*s + 191. Give p(-2).
15
Let z(j) = -13559*j - 9409967. Determine z(-694).
-21
Let d(z) = -13688*z + 41. Determine d(0).
41
Let i(s) = 30*s**2 - 1424*s - 2925. Give i(-2).
43
Let h(n) = n**3 + 4*n**2 - 430*n + 1754. Give h(15).
-421
Let k(p) = -p**2 - 416*p - 40009. Determine k(-265).
6
Let b(m) = 8518*m - 664416. Give b(78).
-12
Let g(c) = -c**3 - 171*c**2 - 5107*c - 839311. Give g(-170).
-21
Let g(a) = -22389*a - 380753. What is g(-17)?
-140
Let k(d) = -279*d**3 + 5859*d**2 + 12*d - 225. Calculate k(21).
27
Let t(k) = -2*k**2 + 20099*k + 181066. Give t(-9).
13
Let m(j) = -5*j**2 + 272*j - 55. Determine m(52).
569
Let p(l) = 4*l**3 - 59*l**2 + 231*l - 22. Give p(12).
1166
Let d(m) = -788*m**3 + 676107*m**2 - 2574*m + 2. Calculate d(858).
2
Let q(j) = -14*j**3 - 545*j**2 + 69*j + 82. What is q(-39)?
-1088
Let l(p) = 997*p - 2819. What is l(3)?
172
Let o(y) = -y**3 - 7*y**2 - 13074*y - 104594. Give o(-8).
62
Let d(y) = -3*y**2 + 107666*y + 753807. Determine d(-7).
-2
Let u(c) = 534*c + 12459. Give u(-24).
-357
Let s(z) = 12*z**2 - 292*z - 10593. Determine s(-20).
47
Let n(f) = f**2 + 107*f - 26833. Give n(119).
61
Let a(c) = -220*c - 15726. What is a(-66)?
-1206
Let y(k) = 20*k**2 - 1386*k + 22852. Give y(27).
10
Let z(u) = u**2 - 4952*u + 118267. Give z(24).
-5
Let o(q) = 1459*q**2 + 195511*q + 666. What is o(-134)?
-4
Let w(i) = -1937*i**2 - 553981*i + 290. Give w(-286).
4
Let v(r) = 7683*r + 58819. Give v(-8).
-2645
Let i(l) = -44104*l + 132307. Calculate i(3).
-5
Let i(a) = -3*a**3 + 22*a**2 - 449*a + 3528. Determine i(8).
-192
Let u(c) = -11635*c - 278977. Give u(-24).
263
Let n(o) = -12*o - 385. Determine n(-39).
83
Let s(j) = j**3 + 20*j**2 + 34*j - 45. What is s(-4)?
75
Let k(q) = -7*q**2 - 50*q - 74. Give k(-2).
-2
Let i(z) = -6165*z**2 - 228103*z + 81. Give i(-37).
7
Let b(q) = -4*q**3 - 81*q**2 - 141*q - 3717. Determine b(-20).
-1297
Let a(i) = -i**3 - 167*i**2 + 868*i + 144945. What is a(-167)?
-11
Let s(m) = -20*m**2 - 2120*m - 250. What is s(-106)?
-250
Let k(v) = -26800*v - 2143911. What is k(-80)?
89
Let w(p) = -2*p**2 + 488*p - 1456. Give w(3).
-10
Let a(d) = -176*d - 19461. What is a(-112)?
251
Let x(c) = c**3 + 28*c**2 - 152*c + 259. Give x(-33).
-170
Let a(n) = n**3 + 34*n**2 + 156*n - 171. What is a(-5)?
-226
Let k(u) = u**3 + 4*u**2 - 471*u + 3979. What is k(-27)?
-71
Let j(s) = -4730*s + 28452. Calculate j(6).
72
Let r(o) = o**2 + 5352*o + 21301. Determine r(-4).
-91
Let b(l) = -4*l**3 + 19*l**2 - 3*l + 109. Calculate b(8).
-747
Let h(b) = 2*b**2 + 126947*b + 4313887. What is h(-34)?
1
Let p(m) = m**3 + 225*m**2 + 1100*m - 7. Calculate p(-5).
-7
Let m(t) = 78*t**2 + 10855*t + 484. Calculate m(-139).
-1323
Let t(s) = -761*s - 199921. Give t(-262).
-539
Let w(v) = v**2 - 48735*v + 341080. What is w(7)?
-16
Let t(g) = -2*g**2 - 205*g + 210260. Give t(277).
17
Let g(l) = -l**2 - 16826*l + 84184. What is g(5)?
29
Let w(i) = -3100*i + 179796. What is w(58)?
-4
Let s(x) = -x**3 + 15*x**2 - 170*x + 3040. Determine s(16).
64
Let y(i) = -949*i - 20309. Give y(-19).
-2278
Let g(w) = 92688*w - 8619988. Determine g(93).
-4
Let w(y) = -2*y**2 + 10877*y + 1596308. What is w(-143)?
-1
Let c(u) = 834*u - 13547. What is c(17)?
631
Let a(w) = -2*w**3 - 650*w**2 + 3302*w + 885. What is a(-330)?
225
Let n(x) = x**3 - 17*x**2 + 53*x - 288. Calculate n(6).
-366
Let d(a) = 12478*a**2 - 299474*a + 64. What is d(24)?
16
Let r(i) = 8*i**3 + 81*i**2 - 450*i - 3. Give r(4).
5
Let u(s) = -6*s**3 - 49*s**2 + 7*s + 48. What is u(-8)?
-72
Let i(c) = -9*c**2 - 391*c - 4224. Give i(-23).
8
Let o(i) = 2*i**2 + 45*i - 437. Give o(-35).
438
Let c(f) = 2*f**2 - 153*f - 1290. Give c(82).
-388
Let r(d) = d**3 + 16*d**2 - 1208*d - 27449. Determine r(-23).
-3368
Let x(k) = -1762*k + 375064. Determine x(213).
-242
Let y(j) = j**2 - 32*j + 207. Give y(25).
32
Let s(c) = 9212*c - 2625428. What is s(285)?
-8
Let s(o) = 5129*o + 723196. What is s(-141)?
7
Let o(y) = -y**2 + 355266*y + 1776352. Give o(-5).
-3
Let q(h) = -19928*h + 677536. Determine q(34).
-16
Let k(h) = h**2 + 261*h - 53443. Determine k(-396).
17
Let u(b) = 14*b**2 - 1655*b + 195. What is u(117)?
-1794
Let j(u) = u**3 - 22*u**2 + 141*u + 51. Determine j(10).
261
Let g(h) = -6703*h + 3358109. What is g(501)?
-94
Let q(u) = 901327*u + 15322540. Give q(-17).
-19
Let m(n) = -3*n**2 - 121*n - 1255. Calculate m(-12).
-235
Let r(z) = -4*z**2 + 197*z + 166. Give r(47).
589
Let m(o) = -o**3 + 209*o**2 - 616*o - 360. Give m(206).
52
Let j(z) = 141*z - 92. What is j(1)?
49
Let v(h) = -h**3 + 19*h**2 + 201*h + 111. What is v(-7)?
-22
Let b(a) = a**2 + 18547*a + 2650011. Determine b(-144).
-21
Let o(u) = -u**2 - 44*u + 784. Determine o(-50).
484
Let b(c) = -1230*c - 12075. Calculate b(-10).
225
Let u(d) = -194*d**3 + 9702*d**2 - 227*d + 6356. Determine u(50).
6
Let q(g) = -154*g**2 - 1564*g - 143. Give q(-10).
97
Let b(y) = 2*y**3 + 320*y**2 + 11233*y - 137. Give b(-52).
-189
Let z(g) = g**2 - 1691*g + 27027. Calculate z(16).
227
Let d(n) = -1355*n**2 + 14884*n + 223. Give d(11).
-8
Let p(v) = v**2 + 225*v + 10772. Calculate p(-154).
-162
Let y(p) = 3*p**2 - 56*p + 808. Calculate y(20).
888
Let v(g) = 2*g**3 - 263*g**2 - 576*g + 92590. Give v(131).
-27
Let w(g) = g**3 + 354*g**2 + 1418*g + 6130. Give w(-350).
-170
Let k(i) = 39921*i + 39928. What is k(-1)?
7
Let s(u) = -343*u + 3508. Calculate s(14).
-1294
Let p(d) = d**3 + 7*d**2 - 909*d - 3480. Calculate p(-32).
8
Let r(x) = -76*x**2 + 1506*x + 791. What is r(21)?
-1099
Let m(z) = z**2 + 45*z - 55603. What is m(-259)?
-177
Let m(i) = 40202*i - 120734. Determine m(3).
-128
Let y(w) = w**3 - 19*w**2 - 56*w + 919. Give y(20).
199
Let f(u) = u**3 + 51*u**2 - 242*u - 1263. Give f(-55).
-53
Let r(h) = -4*h**2 + 195*h - 114. Determine r(51).
-573
Let h(n) = -2*n**3 + 370*n**2 - 735*n + 610. Calculate h(183).
61
Let q(z) = 8737*z + 17715. Calcula